alculate the greatest common factor of 4 and w.
4
Let t be (-680)/6 + (-4)/6. Let w = 174 + t. Let q be 19 - (1 - 2/1). Calculate the greatest common divisor of q and w.
20
Let p = 69 + -37. Let a = 4 - 0. What is the greatest common factor of a and p?
4
Let u(p) = p**3 + 7*p**2 - 9*p + 4. Let v be u(-8). Calculate the highest common factor of 12 and v.
12
Suppose -s + 32 = -13. Suppose -2*m + 29 = 7. Suppose 0 = 4*t - 5*w - 36 + m, -3*t + 10 = 5*w. Calculate the highest common divisor of s and t.
5
Suppose 0 = 3*w - 2*d - 454, 2*w + 2*w = -5*d + 636. Calculate the greatest common divisor of 14 and w.
14
Let a(u) = u**2 - 3*u - 13. Let l be a(6). Suppose -l*g = 4*k - 128, 2*k - 4*g = k + 11. What is the greatest common factor of k and 135?
27
Let k(y) = 5*y - 50. Let h be k(19). Calculate the highest common divisor of h and 75.
15
Suppose -4*o = -3*o - 4. Let a be 1*(-2)/o*-14. Suppose 0 = -3*l - 2*p + 97, -4*p + 3 + 16 = l. What is the greatest common divisor of l and a?
7
Let u be 0 - 6/(-3*1). Suppose -u*s = -0*s - 40. Suppose s = 4*n, 0*d - d = 4*n - 33. Calculate the highest common factor of d and 13.
13
Let d(u) be the first derivative of u**4/4 - 11*u**3/3 + u**2 - 11*u - 7. Let q be d(11). What is the greatest common factor of 99 and q?
11
Let w(b) = -18*b - 28. Let l be w(-7). Calculate the highest common divisor of l and 14.
14
Let n be 6 + (-3)/(-3) + -3. Suppose -n*x = -2*h - 40, h - 5*x = -2*h - 58. Let y = -4 - h. Calculate the highest common factor of y and 8.
4
Suppose 2*l + 0*l = 0. Suppose 3*v = -c - 0*c + 9, -5*v = l. Suppose -4*q - 5*s = -144, 0*q = 3*q - 5*s - 108. What is the highest common factor of c and q?
9
Let x(n) = n**3 + n**2 + n + 32. Let p be x(0). Suppose r = 2*r + 1. Let z be 3*14/6 - r. What is the highest common divisor of z and p?
8
Let z = 10 - 8. Suppose 4*b = -4*m + 20, -4*b + 3*m = -1 + z. Let a = -6 - -10. What is the greatest common divisor of b and a?
2
Let l be (2/3)/((-4)/(-78)). What is the greatest common divisor of 104 and l?
13
Suppose 2*t - g - 35 = 0, -25 = -2*t - 5*g + 16. Let n(w) = 7*w**2 + 4*w + 3. Let z be n(-3). What is the highest common divisor of t and z?
18
Let j be (-2 - -7)*(-14)/(-5). Let k(s) = 3*s - 9. Let y be k(-5). Let p be (y/j)/((-6)/462). What is the highest common factor of p and 12?
12
Suppose -38 - 2 = -2*m - 4*q, 2*q - 62 = -4*m. Let z be 4/m - (-82)/7. What is the greatest common divisor of 12 and z?
12
Suppose d - 85 = 4*a + a, -4*d = -a - 416. Suppose -4*h - 63 = -7*h. Calculate the highest common divisor of d and h.
21
Suppose 2*b + 2*u - 46 = u, 2*b = 2*u + 58. Let q(d) = -2*d - 1. Let t be q(-3). Calculate the greatest common divisor of t and b.
5
Let q = -9 - -14. Suppose 0*p = -q*p + 5. What is the highest common divisor of 3 and p?
1
Suppose 4 - 24 = -5*q. Suppose 14 = 5*d - q*d. What is the highest common factor of 2 and d?
2
Let s be (-1318)/(-8) + (-5)/(-20). Calculate the greatest common divisor of 30 and s.
15
Suppose 3*g + 3*i = 6, -4*i + 2*i - 14 = -g. Suppose -3*t - 3*k = -69, -2*t + 2*k = -k - 71. Let x = t - 10. Calculate the greatest common factor of g and x.
6
Let c(d) = d**3 + 2*d**2 - 3*d + 3. Let i be c(3). Let q(f) = f - 2 - 4*f + 8*f. Let x be q(3). What is the highest common factor of i and x?
13
Let r be (-118)/(-3) + (-2)/(-3). Let w = 4 + -2. Let h be w + -2 + 2 - -6. Calculate the highest common factor of h and r.
8
Suppose -240 = 2*a + 3*a. Let d = -29 - a. Let m = -14 + 33. Calculate the highest common factor of m and d.
19
Suppose 138 = 2*u + 4*c, 4*c = 4*u - 2*u - 114. Suppose 3*f - u = 57. Let b be 2/(-4)*(0 - 32). Calculate the highest common divisor of f and b.
8
Suppose -2*i - 5*o + 25 = 3*i, -4*i - 3*o + 15 = 0. Suppose i = 5*s + 49 - 194. Suppose -2*a = -s + 1. What is the greatest common factor of a and 84?
14
Suppose 0 = 3*w - g - 92, 5*w = 2*g + 196 - 43. Suppose -2*f = -17 - w. What is the highest common factor of f and 12?
12
Suppose 4*i + a = 14, i + 7*a + 4 = 3*a. Calculate the highest common factor of i and 36.
4
Let m(h) = -h**2 + 11*h + 4. Let g be m(8). Suppose x + 2*x = -2*z + 127, -4*z - 3*x + 239 = 0. What is the greatest common factor of g and z?
28
Let x be 3*1/(2/2). Suppose 5*j = -0*j. Suppose i = -2*i - 5*t + 57, j = -t - 3. Calculate the highest common factor of x and i.
3
Suppose 85 + 7 = 2*i. What is the greatest common factor of i and 161?
23
Suppose -3*t = 6, 2*k - 2*t + 108 = 6*k. What is the greatest common divisor of 12 and k?
4
Let s(z) = -2*z - 16. Let d be -8 + -2 + -6 + 6. Let m be s(d). Calculate the greatest common divisor of 36 and m.
4
Let f(u) = -43*u**3 + 44*u**3 + 3*u + 160 - 2*u. Let o be f(0). What is the greatest common factor of 20 and o?
20
Suppose f = -f + 208. Let a be 8 - 0 - 3/3. Suppose l - a = -2*p, -5*l + 49 + 19 = -p. What is the highest common factor of f and l?
13
Let o(q) = 16*q - 13. Let v be o(7). What is the highest common factor of v and 11?
11
Suppose 28 = -4*z + 5*z. Calculate the highest common factor of z and 4.
4
Suppose s + 155 = 5*k - 1004, -2*k - s = -465. What is the highest common divisor of 29 and k?
29
Let y(t) = -t**2 + 12*t + 9. Let a be y(10). What is the highest common divisor of 232 and a?
29
Suppose 2*y - 16 - 20 = 0. Suppose 0 = -2*w + 2*h - 0*h + y, -3*h = 5*w - 5. Let m = w + 5. What is the highest common factor of 9 and m?
9
Suppose 4*h - 79 = 1. Let g = h + -5. Calculate the highest common factor of g and 75.
15
Let q(o) be the third derivative of o**6/120 + 7*o**5/60 + o**4/24 - o**2. Let k be q(-3). What is the highest common factor of 11 and k?
11
Let m(l) = 12*l**2 - 3*l + 2. Let w be m(1). Calculate the greatest common factor of w and 11.
11
Let y(a) = -a - 1. Let w be 2*(1 - 3/2). Let l be y(w). Let c(r) = r**2 + r + 16. Let z be c(l). Calculate the highest common divisor of z and 24.
8
Suppose 440 = 2*d + 2*d. Suppose 23 - 13 = q. What is the greatest common divisor of q and d?
10
Let k = 98 + -70. Suppose p = -2*p - 18. Let r = p + 10. What is the highest common divisor of r and k?
4
Suppose 0 = 4*b - 0*b, 0 = -3*j - 5*b + 3. What is the highest common factor of 1 and j?
1
Suppose 2*r - 10 + 4 = 0. Suppose -4*u - 5*b = u - 35, -r*u + 2*b = -1. Suppose 3*y - 7 = -1. Calculate the greatest common divisor of u and y.
1
Suppose -b = -7*b + 216. Let v(o) = o**2 + 2*o + 6. Let f be v(6). Calculate the greatest common divisor of f and b.
18
Suppose -6*w + 5*w + 20 = 0. Let a be (-1 - (-1)/(-1)) + 1. Let y be (a - w)*1/(-3). What is the greatest common divisor of y and 70?
7
Let z be ((-45)/6)/((-1)/14). Let d(u) = u**3 + 4*u**2 - 4*u - 2. Let w be d(-4). Let q = 1 + w. Calculate the greatest common factor of z and q.
15
Let x = -6 - -3. Let k = x + 5. Suppose k*z = -1 + 97. What is the greatest common factor of z and 8?
8
Let l(v) = 3*v + 11. Let o be l(-8). Let q = 5 - o. What is the greatest common factor of q and 27?
9
Let t = -38 + 158. Calculate the greatest common factor of t and 15.
15
Let x(u) = 16*u**2 - 4*u + 2. Let c be x(1). Let z be ((-6)/(-3))/(2 - 1). Suppose -z*o = -4*o + 56. What is the greatest common factor of o and c?
14
Let h(x) = 10*x - 1. Let f be h(-1). Let l = f - -25. Let r = 13 + 1. What is the highest common factor of l and r?
14
Let k(h) = -h**2 + h + 18. Let j be k(0). What is the highest common factor of j and 54?
18
Let a be (104/48*3)/(2/12). Calculate the highest common factor of 26 and a.
13
Let s = 108 - 75. What is the greatest common factor of s and 11?
11
Let n(l) = 28*l. Let a be n(1). Suppose 49 = 2*q + 2*d + 15, 0 = 3*d - 9. Calculate the greatest common factor of q and a.
14
Suppose 0 = 18*d - 17*d - 6. Suppose 4*a - 3*t = d, -2*a - 2*t - t = -12. Calculate the greatest common factor of a and 33.
3
Suppose 14 = 4*c - 2. Suppose -6*r + 2*r + 64 = 0. What is the highest common factor of r and c?
4
Let z = 0 - -9. Suppose -z = -h - 2*h - t, 4*h - t = 12. What is the greatest common divisor of h and 1?
1
Suppose -13 = 9*b - 76. Calculate the greatest common factor of 56 and b.
7
Let i(m) = 4*m + 12. Let d be i(21). What is the highest common divisor of 24 and d?
24
Let h be (-6 - -2)*(-3)/12. Suppose -3*o + 51 = -2*f, 1 + h = f + 4*o. Let q = -10 - f. Calculate the highest common factor of q and 40.
8
Le